ed by (-7 + 567/77)*22?
7
Let x = -1615 + 1632. Suppose -3*w = -8*w + 235. What is the remainder when w is divided by x?
13
Suppose -4*g + 3*d + 23 = 0, g + 3*g - 13 = d. Suppose -g*l = 4*n - 2*n - 132, -5*l = 0. Suppose 0 = 4*f + 6 - 98. What is the remainder when n is divided by f?
20
Let o = -17 + 16. Calculate the remainder when (-12)/24*(o - 1*129) is divided by 11.
10
Suppose 4*y = w + 78, -4*y - 5*w + 58 + 8 = 0. Suppose 26 - 10 = 4*m. Suppose -m*d - 12 = -40. Calculate the remainder when y is divided by d.
5
Suppose -2*p + 82 - 104 = 0. Let z(k) = 5*k + 26. Let s(o) = 14*o + 77. Let n(w) = 4*s(w) - 11*z(w). Calculate the remainder when 42 is divided by n(p).
9
Let c(a) = -7*a + 5. Calculate the remainder when c(-8) is divided by 16.
13
Suppose -69 = -3*y + 3*r, 5*y - r - 127 = -16. Let a(j) = -2*j. What is the remainder when y is divided by a(-4)?
6
Let v(b) = 3*b**3 + 2*b**2 + 2*b + 1. Let j be v(-3). Let c = -49 - j. Calculate the remainder when 112 is divided by c.
17
Suppose 16 - 1 = 5*z. What is the remainder when 95 is divided by z?
2
Suppose 33*l - 49 = 26*l. Calculate the remainder when l is divided by 5.
2
What is the remainder when 428 is divided by 1485/(-30)*(-6)/9?
32
Suppose k = 16 - 3. Let d(a) = -5 - 2*a + 3*a**2 - a + 4*a - 2*a**2. What is the remainder when d(6) is divided by k?
11
Let g(j) = 5*j**2 + j. Let i be 30/9*(-15)/10. Calculate the remainder when ((6 + -41)/i)/1 is divided by g(-1).
3
Let b be (2/1)/(-2)*-14. Suppose 4*m - 34 = -b. Calculate the remainder when 13 is divided by m.
3
Suppose 5 = 5*r - 20. Let y(s) = 2*s - 3*s + 0*s - s + r. Calculate the remainder when 36 is divided by y(-7).
17
What is the remainder when 48 is divided by (10 - 92/16)/(2/8)?
14
Suppose 6*h = h + 110. Suppose 0 = -0*l + 2*l. Suppose r - s - 3*s - 4 = l, -3*r - 3*s + 27 = 0. Calculate the remainder when h is divided by r.
6
Let s be 247/(-38)*(-1)/(2/4). Suppose 0 = -5*f + s + 2. What is the remainder when f is divided by 1?
0
Suppose -5*o = k - 590, o + 3*k = 123 - 5. What is the remainder when o is divided by 53?
12
Let n(a) = -3*a**2 + 71*a + 9. What is the remainder when n(19) is divided by 93?
89
Let d(m) = -6*m**2 + 35*m + 10. What is the remainder when 38 is divided by d(6)?
2
Suppose -285*o + 281*o + 404 = 0. What is the remainder when 196 is divided by o?
95
What is the remainder when 238 is divided by 3423/27 + -7 - 6/(-27)?
118
Suppose -2 = -b + 3. Suppose -n = 5*l - 10*l + 24, 3*l = -b*n - 8. What is the remainder when (-40)/3*(-18)/l is divided by 16?
12
Suppose -2*j - 96 = -5*j. Let g = -41 - -166. Calculate the remainder when g is divided by j.
29
Let h(f) = -10*f. Let z = 27 + -23. Suppose z*v - 117 = -5*o, 0 = -3*v + o - 3*o + 86. Calculate the remainder when v is divided by h(-1).
8
Let p = -17 - -24. Let q(z) be the second derivative of -z**4/12 - 5*z**3/3 - 3*z**2 + 6*z. What is the remainder when q(-6) is divided by p?
4
Suppose -3*x - 4*g = -767, -72*g + 68*g - 538 = -2*x. What is the remainder when x is divided by 39?
27
Let a(v) = v**2 - 13*v + 18. Let w be a(12). Let o(y) = y**3 + 5*y + 11. What is the remainder when o(w) is divided by 65?
62
Suppose -10*j - 114 - 146 = 0. What is the remainder when 21 is divided by (j/(-4))/(3/6)?
8
Let j(f) = -8*f**2 - 2*f + 92. Calculate the remainder when j(0) is divided by 43.
6
Let p be ((-30)/21)/(2/(-14)). What is the remainder when 58/6 - p/15 is divided by 6?
3
Let f = 171 - 144. Calculate the remainder when 127 is divided by f.
19
Suppose y - 43 = 3*z, -5*y + 7*z - 2*z = -215. What is the remainder when 126 is divided by y?
40
Let q(z) = 4*z**2 + 2*z**3 - 1 + 3 + 5*z - 4*z. Let v be q(-2). What is the remainder when 13 is divided by (-10 - -14) + (-1 - v)?
1
Let s(m) be the third derivative of -m**6/120 + m**5/12 + 5*m**3/6 + 14*m**2. Let o = -94 + 135. Calculate the remainder when o is divided by s(4).
20
Suppose -3*v + 12 = 0, -2*c = 3*c - 4*v + 16. Suppose c = -5*b - 13 + 93. Calculate the remainder when 42 is divided by b.
10
Suppose 4*s + b = 102, 5*s - b - 73 = 2*s. Suppose -9*j + 240 = -4*j. Suppose 9 = -3*m + j. Calculate the remainder when s is divided by m.
12
Let j be 2 - ((-4)/(-1) + -6). Suppose j*o - 37 = -a - 4*a, -11 = -o - 3*a. What is the remainder when 21 is divided by o?
5
Let n(q) = 4*q - 12. Suppose 3*s + 113 = -2*s - 2*a, -64 = 4*s - 5*a. Let f = s + 35. What is the remainder when n(13) is divided by f?
12
Suppose 385*q - 12 = 381*q. Calculate the remainder when 12 is divided by q.
0
Suppose -4*i + 8 = -2*i. Suppose r = 2*u - 3*u + 72, 0 = -4*u + i*r + 296. Calculate the remainder when u is divided by 20.
13
Let n be -3*(-5 + 2/1 + 4). Let m(i) = -i**2 - 6*i - 5. What is the remainder when 4 is divided by m(n)?
0
Let z(b) be the first derivative of 1/2*b**2 - 4 + 16*b. What is the remainder when z(14) is divided by 11?
8
Let p(t) = -4*t**3 - 2*t**2 + 5*t + 2. What is the remainder when p(-3) is divided by 26?
25
What is the remainder when 138/(-30) - -5 - 3092/(-20) is divided by 147?
8
Suppose -5*p + 1 = -19. Let z be 5/(-10)*-2*-2. Let f = 13 - z. What is the remainder when f is divided by p?
3
Let a(g) = -g**2 - 5*g + 9. Let m be a(-8). Let p = 30 + m. What is the remainder when p is divided by 12?
3
Let h = -8 + 6. Let l(s) = 37*s - 7. Let w(j) = 17*j - 3. Let r(y) = -6*l(y) + 13*w(y). What is the remainder when 9 is divided by r(h)?
4
Suppose 0 = 4*d - 5*d + 2*k + 81, d - 87 = 5*k. Suppose -5*i = -6*i + d. Calculate the remainder when i is divided by 26.
25
What is the remainder when 0 + -4 + 9 + 129 is divided by 23?
19
Suppose 36*m + 134 = 37*m. What is the remainder when m is divided by 40?
14
Suppose -4*w - 15 = -3*h, -10 = -h + 6*w - 3*w. Let v be h/4 - (-1208)/32. Let k = -18 + v. Calculate the remainder when k is divided by 11.
9
Suppose 8*v = -2*v + 250. Suppose -3*s = -2*d + d - 30, 0 = -2*s - d + 20. Calculate the remainder when v is divided by s.
5
Suppose -5*c - 5*x = -45, c - 6*x + 3*x - 13 = 0. Suppose -8*k + 11*k = 4*l - 156, 0 = -l - 5*k + 16. Calculate the remainder when l is divided by c.
6
Let o(q) = -q**3 - 37*q**2 - 38*q - 49. Calculate the remainder when 252 is divided by o(-36).
22
Let l = -5 + 8. Suppose -s - 1 = -l. Suppose -2*z = 0, -3*z = -s*y - 0*z + 54. What is the remainder when y is divided by 10?
7
Suppose 2*n = 17 - 5. Let r be (-1077)/(-12) + 4/16. Suppose -r + 22 = -4*c. Calculate the remainder when c is divided by n.
5
Let c = 8 + -2. Let f(i) be the first derivative of -i**2 + 10*i - 7. Calculate the remainder when f(-6) is divided by c.
4
Let v(q) = 12*q - 1 + 6*q - 21 - 14*q. Calculate the remainder when 125 is divided by v(10).
17
Suppose 0 = 5*q + c + 10, -4*c = -5*q - 0 + 15. Let w = 0 + 41. Calculate the remainder when w is divided by (q - -3 - 0)*7.
13
Suppose -70 = -14*f + 28. Suppose 3*y + 4*i = 54, f = y - 2*i - 21. Calculate the remainder when y is divided by 9.
4
What is the remainder when 188 is divided by 101 - (5 + 2) - -4?
90
Suppose -65 = -2*n + 2*k + 25, 2*k = -4*n + 156. Calculate the remainder when 77 is divided by n.
36
Let p(r) = -r**2 - 7*r - 10. Let w be p(-4). Suppose w*f - 16 = -2*f. Suppose -27 + 7 = -f*o. Calculate the remainder when o is divided by 2.
1
Let i be (2/4)/((-2)/4). Suppose 0 = -3*c - 2*c. Let u = c - i. Calculate the remainder when 2 is divided by u.
0
Let c be (-29 - (-9)/(-3))*-2. Suppose c = -3*h + 244. Suppose -3*l = a - 46, a + a = -4*l + h. Calculate the remainder when 47 is divided by l.
15
Let v = 16 - -11. Suppose -94 = -5*g + 21. Let s = -9 + g. Calculate the remainder when v is divided by s.
13
Suppose -3*t + 124 = -6*n + 2*n, -3*t + 122 = -2*n. Calculate the remainder when t is divided by ((-7)/4)/(2/(-8)).
5
Suppose 3*y - 5 = 5*s, 2*s - 3*s - y = -7. Suppose t + 12 = -s*t + 3*p, 6 = -t + 2*p. What is the remainder when 2*(-71)/t - -3 is divided by 19?
17
Let k = 12 + -6. Suppose w - k + 3 = 0. Calculate the remainder when 14 is divided by w.
2
Let j(q) = q**2 + 7*q - 9. Let n be j(5). Suppose -2*g - 165 = n. What is the remainder when ((-7)/(-3))/((-4)/g) is divided by 16?
15
Let t(w) = w**3 + 5*w**2 + 5*w - 17. Let q(r) = -3*r**3 - 11*r**2 - 10*r + 34. Let v(k) = -2*q(k) - 5*t(k). What is the remainder when 102 is divided by v(4)?
11
Su